{"id":1481,"date":"2020-12-25T15:20:26","date_gmt":"2020-12-25T14:20:26","guid":{"rendered":"https:\/\/er-sucht-ihn.de\/magazin\/?page_id=1481"},"modified":"2023-11-14T16:34:39","modified_gmt":"2023-11-14T15:34:39","slug":"glossar","status":"publish","type":"page","link":"https:\/\/er-sucht-ihn.de\/magazin\/glossar\/","title":{"rendered":"Glossar &#8211; Die wichtigsten Gay-Begriffe im \u00dcberblick"},"content":{"rendered":"<p>In unserem Lesben-Glossar m\u00f6chten wir euch die wichtigsten Gay-Begriffe nahe bringen.<\/p>\n<p><strong>A<\/strong><br \/>\n<a href=\"https:\/\/er-sucht-ihn.de\/lexikon\/seitensprung-affaere\/\">Aff\u00e4re<\/a><\/p>\n<p><strong>B<\/strong><br \/>\n<a href=\"https:\/\/er-sucht-ihn.de\/magazin\/boytrap\/\">Boytrap &#8211; Gaychat<\/a><br \/>\n<a href=\"https:\/\/er-sucht-ihn.de\/magazin\/bin-ich-schwul\/\">Bin ich schwul?<\/a><br \/>\n<a href=\"https:\/\/er-sucht-ihn.de\/magazin\/bisexuelle-maenner\/\">Bisexuelle M\u00e4nner<\/a><\/p>\n<p><strong>C<\/strong><br \/>\n<a href=\"https:\/\/er-sucht-ihn.de\/magazin\/coming-out\/\">Coming out<\/a><\/p>\n<p><strong>D<\/strong><\/p>\n<p><strong>E<\/strong><br \/>\n<a href=\"https:\/\/er-sucht-ihn.de\/magazin\/er-sucht-ihn\/\">Er sucht Ihn<\/a><br \/>\n<a href=\"https:\/\/er-sucht-ihn.de\/magazin\/ernie-und-bert-schwul\/\">Ernie und Bert sind schwul<\/a><br \/>\n<a href=\"https:\/\/er-sucht-ihn.de\/magazin\/ernie-und-bert-doch-nur-beste-freunde\/\">Ernie und Bert doch nur beste Freunde<\/a><\/p>\n<p><strong>F<\/strong><\/p>\n<p><strong>G<\/strong><br \/>\n<a href=\"https:\/\/er-sucht-ihn.de\/gay.html\">Gay &#8211; Das bedeutet es gay zu sein<\/a><br \/>\n<a href=\"https:\/\/er-sucht-ihn.de\/lexikon\/gaychat\/\">Gaychat<\/a><br \/>\n<a href=\"https:\/\/er-sucht-ihn.de\/magazin\/gayroyal\/\">GayRoyal \u2013 Die Plattform<\/a><br \/>\n<a href=\"https:\/\/er-sucht-ihn.de\/magazin\/gaysauna\/\">Gaysauna<\/a><br \/>\n<a title=\"Geschlechtsumwandlung \u2013 Alles, was du wissen musst\" href=\"https:\/\/er-sucht-ihn.de\/magazin\/geschlechtsumwandlung\/\">Geschlechtsumwandlung<\/a><br \/>\n<a href=\"https:\/\/er-sucht-ihn.de\/magazin\/gilbert-baker\/\">Gilbert Baker<\/a><\/p>\n<p><strong>H<\/strong><br \/>\n<a href=\"https:\/\/er-sucht-ihn.de\/magazin\/homo-ehe\/\">Homo-Ehe<\/a><br \/>\n<a href=\"https:\/\/er-sucht-ihn.de\/magazin\/homophobie\/\">Homophobie<\/a><\/p>\n<p><strong>I<\/strong><\/p>\n<p><strong>J<\/strong><\/p>\n<p><strong>K<\/strong><\/p>\n<p><strong>L<\/strong><\/p>\n<p><strong>M<\/strong><br \/>\n<a href=\"https:\/\/er-sucht-ihn.de\/magazin\/ueber-messengerdienste-flirten-wie-geht-das\/\">Messengerdienste &#8211; Und wie man sie zum flirten nutzt!<\/a><br \/>\n<a href=\"https:\/\/er-sucht-ihn.de\/magazin\/my-homo\/\">My-homo.net oder Er-sucht-Ihn.de?<\/a><\/p>\n<p><strong>N<\/strong><\/p>\n<p><strong>O<\/strong><\/p>\n<p><strong>P<\/strong><br \/>\n<a href=\"https:\/\/er-sucht-ihn.de\/magazin\/pride-month\/\">Pride Month<\/a><br \/>\n<a href=\"https:\/\/er-sucht-ihn.de\/magazin\/prince-charming\/\">Prince Charming<\/a><br \/>\n<a href=\"https:\/\/er-sucht-ihn.de\/magazin\/promi-outings\/\">Promi \u2013 Outings<br \/>\n<\/a><\/p>\n<p><strong>Q<\/strong><\/p>\n<p><strong>R<\/strong><\/p>\n<p><strong>S<\/strong><br \/>\n<a href=\"https:\/\/er-sucht-ihn.de\/lexikon\/seitensprung-affaere\/\">Seitensprung<\/a><br \/>\n<a href=\"https:\/\/er-sucht-ihn.de\/lexikon\/singleboerse-seitensprung\/\">Singleb\u00f6rse f\u00fcr Seitenspr\u00fcnge<\/a><br \/>\n<a href=\"https:\/\/er-sucht-ihn.de\/magazin\/schwule-maenner-suchen\/\">Schwule M\u00e4nner suchen und finden<\/a><br \/>\n<a href=\"https:\/\/er-sucht-ihn.de\/magazin\/shemale\/\">Shemale<\/a><\/p>\n<p><strong>T<\/strong><br \/>\n<a href=\"https:\/\/er-sucht-ihn.de\/magazin\/take-me-out-fuer-schwule\/\">Take me out &#8211; RTL Show f\u00fcr Schwule<\/a><br \/>\n<a href=\"https:\/\/er-sucht-ihn.de\/magazin\/travesta\/\">Travesta &#8211; Die Singleb\u00f6rse f\u00fcr Transvestiten<\/a><br \/>\n<a href=\"https:\/\/er-sucht-ihn.de\/magazin\/transgender-singleboerse\/\">Transgender<\/a><\/p>\n<p><strong>U<\/strong><\/p>\n<p><strong>V<\/strong><\/p>\n<p><strong>W<\/strong><\/p>\n<p><strong>X<\/strong><\/p>\n<p><strong>Y<\/strong><\/p>\n<p><strong>Z<\/strong><\/p>\n","protected":false},"excerpt":{"rendered":"<p>In unserem Lesben-Glossar m\u00f6chten wir euch die wichtigsten Gay-Begriffe nahe bringen. A Aff\u00e4re B Boytrap &#8211; Gaychat Bin ich schwul?<\/p>\n","protected":false},"author":1,"featured_media":0,"parent":0,"menu_order":0,"comment_status":"closed","ping_status":"closed","template":"","meta":{"ngg_post_thumbnail":0,"footnotes":""},"class_list":["post-1481","page","type-page","status-publish","hentry","comments-off"],"aioseo_notices":[],"_links":{"self":[{"href":"https:\/\/er-sucht-ihn.de\/magazin\/wp-json\/wp\/v2\/pages\/1481","targetHints":{"allow":["GET"]}}],"collection":[{"href":"https:\/\/er-sucht-ihn.de\/magazin\/wp-json\/wp\/v2\/pages"}],"about":[{"href":"https:\/\/er-sucht-ihn.de\/magazin\/wp-json\/wp\/v2\/types\/page"}],"author":[{"embeddable":true,"href":"https:\/\/er-sucht-ihn.de\/magazin\/wp-json\/wp\/v2\/users\/1"}],"replies":[{"embeddable":true,"href":"https:\/\/er-sucht-ihn.de\/magazin\/wp-json\/wp\/v2\/comments?post=1481"}],"version-history":[{"count":5,"href":"https:\/\/er-sucht-ihn.de\/magazin\/wp-json\/wp\/v2\/pages\/1481\/revisions"}],"predecessor-version":[{"id":1807,"href":"https:\/\/er-sucht-ihn.de\/magazin\/wp-json\/wp\/v2\/pages\/1481\/revisions\/1807"}],"wp:attachment":[{"href":"https:\/\/er-sucht-ihn.de\/magazin\/wp-json\/wp\/v2\/media?parent=1481"}],"curies":[{"name":"wp","href":"https:\/\/api.w.org\/{rel}","templated":true}]}}